der when 47 is divided by n(3).
5
Let r(u) = 13*u**2 - u - 1. What is the remainder when 36 is divided by r(-1)?
10
Calculate the remainder when (1 + 0)/(26/5018) is divided by 49.
46
Let f be (0 - 1)*2 - -3. Suppose 3*t - 22 + f = -2*o, 5*o - t - 27 = 0. Calculate the remainder when 17 is divided by o.
5
Let a = 1 + 0. What is the remainder when 8 + a - (-1 - -1) is divided by 4?
1
Suppose -2*f + 49 = 2*f - 5*s, -4*s = 2*f - 44. Calculate the remainder when 46 is divided by f.
14
Let m be 69/21 - 4/14. Calculate the remainder when 112/3 + (-1)/3 is divided by m + -2 - -13 - 1.
11
Let u be -2 + 0 + -1 + 0. Let b(f) = f**2 - 3. What is the remainder when 9 is divided by b(u)?
3
Calculate the remainder when 39 is divided by (4/10)/((-2)/(-70)).
11
Let o(u) = u**3 + 11*u**2 - 27*u + 17. Calculate the remainder when 147 is divided by o(-13).
27
Suppose -a - 194 = -3*a. Calculate the remainder when a is divided by 20.
17
Suppose 2*h - 3*h + 18 = 0. Calculate the remainder when 52 is divided by h.
16
Let j be -13 + -2*(-3)/(-3). Let l = j + 29. What is the remainder when 360/14 - (-2)/7 is divided by l?
12
Let l be (1 + -2)/(5 - 4). Let m = l - -13. Calculate the remainder when m is divided by 5.
2
Let t be 0 - (-29 - 1)/1. Suppose -2*p + t = -40. Calculate the remainder when p is divided by 12.
11
Let a(y) = y**3 - 3*y**2 - 11*y - 8. Calculate the remainder when a(6) is divided by 18.
16
Suppose r - 4*r = -15. Suppose -60 = -5*n - 0*v - 5*v, r*n + 2*v - 75 = 0. Suppose 2*j - n = 7. What is the remainder when 33 is divided by j?
9
Let n = 18 - 6. Let v = -43 - -50. What is the remainder when n is divided by v?
5
Let w be (2/3)/(2/6). What is the remainder when w/(-6) - 50/(-6) is divided by 10*(5/2 + -2)?
3
Suppose -254 = -3*p + 244. What is the remainder when p is divided by 42?
40
Suppose -5*o + 4*h = -10*o + 103, -o - 2*h + 17 = 0. Calculate the remainder when 64 is divided by o.
18
Suppose -2*m = -6, 3*n - 72 = 5*m - 18. Calculate the remainder when 182 is divided by n.
21
Let a = 17 - 14. What is the remainder when a is divided by 3?
0
Suppose 5*a - 9 = 11, 4*a = 3*f - 143. What is the remainder when f is divided by 28?
25
Let n(d) = 5*d - 17. Calculate the remainder when n(8) is divided by 5.
3
Suppose -2*y + 5*q + 84 - 17 = 0, -5*y - 2*q + 124 = 0. Suppose 2*x - 18 = -4*g, 4*g + 0 = -3*x + 13. What is the remainder when y is divided by g?
5
What is the remainder when 80 is divided by 2 - ((3 - 7) + -22)?
24
Suppose -5*w - 3*z + 51 = 0, -6*z - 75 = -5*w - z. Suppose 3*t = -2*a + 7, -t - 2*a - 15 = 3*a. Calculate the remainder when w is divided by t.
2
Suppose 5*q = 38 + 17. Let j = q - -5. What is the remainder when 47 is divided by j?
15
Suppose -14 = -4*b + 2*q, 3*q + 20 = 5*b + 2. Suppose 0 = -5*i + 7 + 3. Calculate the remainder when b is divided by i.
1
Suppose 3*q + 15 = -0*q. Let f = 9 - q. What is the remainder when f is divided by 7/((-21)/(-18)) + -1?
4
Suppose 4 + 10 = j. Suppose -3*z - 4*w = -14, j = -0*z + 4*z + 3*w. Let m = 11 - 7. What is the remainder when m is divided by z?
0
Suppose 0 = l - 63 - 56. Calculate the remainder when l is divided by 40.
39
Let o = 252 - 167. Calculate the remainder when o is divided by 22.
19
Suppose 7*p - 4*p = b - 1, p - 5 = -b. Let x = 2 - p. What is the remainder when 23 - 0 - 0/x is divided by 12?
11
Suppose 4*v = 13 + 3. What is the remainder when 15 is divided by (-240)/(-42) + v/14?
3
Let x be ((-13)/3)/((-2)/6). Let d be (90/8)/(15/40). Let h = d - x. Calculate the remainder when h is divided by 9.
8
Let t(a) = -a**2 + 0 - 3*a - 2 + 6*a + 2*a**2. Let c be t(-4). Suppose 3 + 7 = y - c*x, 0 = -5*y - 2*x + 2. Calculate the remainder when 2 is divided by y.
0
Let q = 1 + 9. Suppose 3*g = 4*g - q. Calculate the remainder when 18 is divided by g.
8
Let f = -23 - -52. Calculate the remainder when f is divided by 10.
9
What is the remainder when 34 is divided by (20 - -1) + -3 + 1?
15
Suppose p + 28 = -3*c + 5, 8 = -2*c. Let f = p - -18. Suppose y - 13 = 3*j, 2*y + 2*j - 6 = 20. Calculate the remainder when y is divided by f.
6
Let d = -13 + 26. Calculate the remainder when d is divided by 5.
3
Calculate the remainder when 43 is divided by (-14)/(-1) - (0 + -1).
13
Calculate the remainder when 10/4*4 + 0 is divided by 4.
2
Let n = 34 - 16. Suppose 0 = 5*l - 163 + n. Let a = 7 - -3. Calculate the remainder when l is divided by a.
9
Let x be (5/(-15))/((-2)/(-30)). Let t = -32 - -21. What is the remainder when (-3 - x)/((-1)/t) is divided by 12?
10
Let z(m) = m**2 + 4. Suppose -4*k + 76 = -4*q, 4*q - 53 + 9 = -4*k. Calculate the remainder when 576/k - 8/20 is divided by z(-3).
12
Calculate the remainder when 63 is divided by (-480)/(-14) - (-4 - (-90)/21).
29
Suppose -3*f + 9 = 5*r, -1 - 9 = -2*r + 2*f. Suppose 4*v - w - 1 = -3, r*v = 2*w - 4. What is the remainder when 2/(v + (-1)/(-8)) is divided by 9?
7
Let s(j) = -6*j - 23. Calculate the remainder when 25 is divided by s(-6).
12
What is the remainder when (44/(-5) + 4)*-5 is divided by 5?
4
Let w(c) = 65*c - 9. What is the remainder when 220 is divided by w(1)?
52
Let r = -221 - -329. What is the remainder when 14/(-3)*r/(-21) is divided by (-40)/(-3) - 1/3?
11
Let g = 30 - 15. Calculate the remainder when 28 is divided by g.
13
Let t(i) = -i**2 - 8*i - 2. Let h be ((-6)/(-4))/(9/6). Calculate the remainder when t(-7) is divided by -1 - (-3 + h + -2).
2
Let c(l) = -2*l + 2. Let d be c(-5). Suppose 0 = 32*x - 33*x + 3. Suppose -5*f - x*r = -53 - 73, -f = 5*r - d. Calculate the remainder when f is divided by 10.
7
Let c(y) = y**3 + 6*y**2 - 11*y + 8. Let h be c(-10). What is the remainder when 38 is divided by h/(-21) - (-3)/(-7)?
12
Let p(b) = b**3 - 7*b**2 - 4*b + 16. What is the remainder when p(8) is divided by 17?
14
Let t(f) = -5*f - 16. What is the remainder when (-6)/(-33) + 185/11 is divided by t(-5)?
8
Suppose 8*t + 162 = 14*t. What is the remainder when t is divided by -1 - (-3)/((-6)/(-16))?
6
Suppose 30 = j + 3*i, 0*i = 3*j + i - 106. What is the remainder when j is divided by 10?
6
Let g = -40 - -61. Suppose -21 = -3*p + g. What is the remainder when 26 is divided by p?
12
Let v(u) = 3*u - 4. Let j be v(3). Suppose 0 = j*t + 25 - 0, 3*y = 3*t + 51. Suppose 13 + 1 = 2*m. What is the remainder when y is divided by m?
5
What is the remainder when 41 is divided by 24/20*(-160)/(-12)?
9
Suppose -6 = -4*d + 2*d. Let l(z) = 10*z. What is the remainder when l(d) is divided by 8?
6
Let o = 38 - 18. What is the remainder when (-167)/(-3) - -1 - (-10)/30 is divided by o?
17
Let l(b) = 7*b - 6. Suppose -36 = 2*m + 5*u, 0 = -2*m + u + 3*u - 54. Let v = 42 + m. Calculate the remainder when l(6) is divided by v.
17
Let z = 49 + -20. Calculate the remainder when 55 is divided by z.
26
Suppose -3*l + 0*l + 39 = 0. Let g = 15 + -10. Calculate the remainder when l is divided by g.
3
Suppose -53 = -y - 3*v, 96 = 2*y + 7*v - 3*v. Let i = -27 + y. Calculate the remainder when (-36)/90 + (-102)/(-5) is divided by i.
9
Let j = 7 - 3. Suppose -2*d + 5*g - 4 = d, j*g = 4*d. What is the remainder when 3*(20/6 + d) is divided by 9?
7
Let j(k) = k**2 + 13*k - 19. Let o = -5 + 16. Calculate the remainder when j(-16) is divided by o.
7
Suppose 24 - 4 = -4*u. Let f = u + 7. Calculate the remainder when 3 is divided by f.
1
Let h = -31 - -52. Calculate the remainder when 33 is divided by h.
12
Let m(v) = v + 20. Let a(k) = -k**3 + 4. Calculate the remainder when m(-14) is divided by a(0).
2
Let u(v) = v**3 - 14*v**2 + 2*v - 2. Let y be ((-4)/(-4))/((-2)/(-24)). Calculate the remainder when u(14) is divided by y/2*(-3)/(-2).
8
Let t(f) = f - 5. Let h be t(7). Suppose -5*b + 75 = c, h*b + 4*c - 44 = -2*b. Let z(u) = 30*u**2 - u - 1. What is the remainder when z(-1) is divided by b?
14
Let h(c) = -c**3 + 2*c**2 - 6*c + 2. Let f be h(4). Suppose -5*m + 251 = 81. Calculate the remainder when m is divided by f/(-8)*(-8)/(-3).
16
Let a(g) = -3*g**2 + 8*g - 7. Let j be a(5). Calculate the remainder when 25 is divided by 200/14 + 12/j.
11
Let f = -2 - -7. Let c = -2 + f. What is the remainder when (-4)/10 - (-44)/10 is divided by c?
1
Suppose -2*i - 60 = -5*i. What is the remainder when 39 is divided by i?
19
Let t(m) = -m**3 + 8*m**2 + m + 7. Calculate the remainder wh